{"id":1393,"date":"2019-07-31T10:18:46","date_gmt":"2019-07-31T13:18:46","guid":{"rendered":"http:\/\/premiolocalbest.com.br\/?page_id=1393"},"modified":"2019-07-31T14:45:06","modified_gmt":"2019-07-31T17:45:06","slug":"premio-o-melhor-daqui-rio-claro-2019-selo-ouro","status":"publish","type":"page","link":"https:\/\/premiolocalbest.com.br\/index.php\/premio-o-melhor-daqui-rio-claro-2019-selo-ouro\/","title":{"rendered":"PR\u00caMIO &#8220;O MELHOR DAQUI&#8221; RIO CLARO 2019  \u2013 SELO OURO"},"content":{"rendered":"<div id=\"content\" class=\"sidebar-right twelve columns\">\n<article id=\"post-7365\" class=\"post-7365 page type-page status-publish hentry\">\n<div class=\"entry\">\n<h4><span class=\"style1\">Parab\u00e9ns, campe\u00e3o!<\/span><\/h4>\n<p class=\"txt12\">Estes s\u00e3o os selos que comunicam aos seus clientes que sua empresa \u00e9 a <strong>&#8220;Melhor de Rio Claro&#8221;<\/strong> em seu segmento, eleita pelo <strong>Pr\u00eamio &#8220;O Melhor Daqui&#8221; Rio Claro 2019<\/strong>, a \u00fanica premia\u00e7\u00e3o a eleger as melhores empresas da cidade de forma direta, transparente e com grande participa\u00e7\u00e3o popular. Ele prova a qualidade dos servi\u00e7os prestados por sua empresa e certamente incentivar\u00e1 mais pessoas a conhecerem e consumirem seus produtos e servi\u00e7os.<\/p>\n<h4 class=\"titulomeio\"><strong>Escolha um dos formatos dispon\u00edveis e insira no seu site.<\/strong><\/h4>\n<p class=\"txt12\">Selo pequeno: <strong>160 x 180 pixels<\/strong><\/p>\n<div class=\"two_third last\">\n<p><img decoding=\"async\" class=\"size-full wp-image-1398 alignleft\" src=\"http:\/\/premiolocalbest.com.br\/wp-content\/uploads\/2019\/07\/rio_claro_selo_pequeno_ouro.png\" alt=\"\" width=\"160\" height=\"180\" \/><\/p>\n<\/div>\n<\/div>\n<\/article>\n<article id=\"post-7365\" class=\"post-7365 page type-page status-publish hentry\">\n<div class=\"entry\">\n<p><strong>Embed Code<\/strong> (copie e cole no seu site):<br \/>\n<em>&lt;a href=&#8221;http:\/\/premiolocalbest.com.br\/index.php\/premio-o-melhor-de-rio-claro-2019-empresas-vencedoras\/&#8221;&gt;&lt;img class=\u201dalignnone wp-image-4381 size-full\u201d title=&#8221;Esta empresa foi eleita a Melhor de Rio Claro em seu segmento, atrav\u00e9s de vota\u00e7\u00e3o direta e transparente pelo p\u00fablico no Pr\u00eamio O Melhor Daqui Rio Claro 2019.&#8221; src=&#8221;http:\/\/premiolocalbest.com.br\/wp-content\/uploads\/2019\/07\/rio_claro_selo_pequeno_ouro.png&#8221; alt=\u201dEsta empresa foi eleita a Melhor de Rio Claro em seu segmento, atrav\u00e9s de vota\u00e7\u00e3o direta e transparente pelo p\u00fablico no Pr\u00eamio O Melhor Daqui Rio Claro 2019.\u201d width=\u201d160\u2033 height=\u201d180\u2033 \/&gt;&lt;\/a&gt;<\/em><\/p>\n<p>&nbsp;<\/p>\n<p>&nbsp;<\/p>\n<p>&nbsp;<\/p>\n<p>Selo grande: <strong>177\u00a0x 272 pixels<\/strong><\/p>\n<\/div>\n<\/article>\n<\/div>\n<div id=\"content\" class=\"sidebar-right twelve columns\">\n<article id=\"post-7365\" class=\"post-7365 page type-page status-publish hentry\">\n<div class=\"entry\">\n<div class=\"one_third\"><img decoding=\"async\" class=\"size-full wp-image-1399 alignleft\" src=\"http:\/\/premiolocalbest.com.br\/wp-content\/uploads\/2019\/07\/rio_claro_selo_grande_ouro.png\" alt=\"\" width=\"177\" height=\"272\" \/><\/div>\n<div class=\"two_third last\">\n<p>&nbsp;<\/p>\n<p><strong>Embed Code<\/strong> (copie e cole no seu site):<\/p>\n<\/div>\n<\/div>\n<\/article>\n<\/div>\n<div id=\"content\" class=\"sidebar-right twelve columns\">\n<article id=\"post-7365\" class=\"post-7365 page type-page status-publish hentry\">\n<div class=\"entry\">\n<div class=\"two_third last\">\n<p class=\"txt12\"><em>&lt;a href=&#8221;http:\/\/premiolocalbest.com.br\/index.php\/premio-o-melhor-de-rio-claro-2019-empresas-vencedoras\/&#8221;&gt;&lt;img class=\u201dalignnone wp-image-4389 size-full\u201d title=&#8221;Esta empresa foi eleita a Melhor de Rio Claro em seu segmento, atrav\u00e9s de vota\u00e7\u00e3o direta e transparente pelo p\u00fablico no Pr\u00eamio &#8220;O Melhor Daqui&#8221; Rio Claro 2019.&#8221; src=&#8221;http:\/\/premiolocalbest.com.br\/wp-content\/uploads\/2019\/07\/rio_claro_selo_grande_ouro.png&#8221; alt=\u201dEsta empresa foi eleita a Melhor de Rio Claro em seu segmento, atrav\u00e9s de vota\u00e7\u00e3o direta e transparente pelo p\u00fablico no Pr\u00eamio O Melhor Daqui Rio Claro 2019.\u201d width=\u201d177\u2033 height=\u201d272\u2033 \/&gt;&lt;\/a&gt;<\/em><\/p>\n<\/div>\n<div class=\"clear\"><\/div>\n<div class=\"hr hr1\"><\/div>\n<p>Obrigado pela participa\u00e7\u00e3o, parab\u00e9ns pela vit\u00f3ria e at\u00e9 o Pr\u00eamio &#8220;O Melhor Daqui&#8221; Rio Claro 2020!<\/p>\n<p><strong>Equipe OMelhorDaqui.Net<br \/>\nCelular\/Whatsapp: (14) 99742-8267 (Angela)<br \/>\ncontato@premiolocalbest.com.br<\/strong><\/p>\n<\/div>\n<\/article>\n<\/div>\n","protected":false},"excerpt":{"rendered":"","protected":false},"author":1,"featured_media":0,"parent":0,"menu_order":0,"comment_status":"closed","ping_status":"closed","template":"","meta":{"footnotes":""},"class_list":["post-1393","page","type-page","status-publish","hentry"],"_links":{"self":[{"href":"https:\/\/premiolocalbest.com.br\/index.php\/wp-json\/wp\/v2\/pages\/1393","targetHints":{"allow":["GET"]}}],"collection":[{"href":"https:\/\/premiolocalbest.com.br\/index.php\/wp-json\/wp\/v2\/pages"}],"about":[{"href":"https:\/\/premiolocalbest.com.br\/index.php\/wp-json\/wp\/v2\/types\/page"}],"author":[{"embeddable":true,"href":"https:\/\/premiolocalbest.com.br\/index.php\/wp-json\/wp\/v2\/users\/1"}],"replies":[{"embeddable":true,"href":"https:\/\/premiolocalbest.com.br\/index.php\/wp-json\/wp\/v2\/comments?post=1393"}],"version-history":[{"count":7,"href":"https:\/\/premiolocalbest.com.br\/index.php\/wp-json\/wp\/v2\/pages\/1393\/revisions"}],"predecessor-version":[{"id":1406,"href":"https:\/\/premiolocalbest.com.br\/index.php\/wp-json\/wp\/v2\/pages\/1393\/revisions\/1406"}],"wp:attachment":[{"href":"https:\/\/premiolocalbest.com.br\/index.php\/wp-json\/wp\/v2\/media?parent=1393"}],"curies":[{"name":"wp","href":"https:\/\/api.w.org\/{rel}","templated":true}]}}

PRÊMIO &#8220;O MELHOR DAQUI&#8221; RIO CLARO 2019  – SELO OURO

<div id="content" class="sidebar-right twelve columns">
<article id="post-7365" class="post-7365 page type-page status-publish hentry">
<div class="entry">
<h4><span class="style1">Parabéns, campeão!</span></h4>
<p class="txt12">Estes são os selos que comunicam aos seus clientes que sua empresa é a <strong>&#8220;Melhor de Rio Claro&#8221;</strong> em seu segmento, eleita pelo <strong>Prêmio &#8220;O Melhor Daqui&#8221; Rio Claro 2019</strong>, a única premiação a eleger as melhores empresas da cidade de forma direta, transparente e com grande participação popular. Ele prova a qualidade dos serviços prestados por sua empresa e certamente incentivará mais pessoas a conhecerem e consumirem seus produtos e serviços.</p>
<h4 class="titulomeio"><strong>Escolha um dos formatos disponíveis e insira no seu site.</strong></h4>
<p class="txt12">Selo pequeno: <strong>160 x 180 pixels</strong></p>
<div class="two_third last">
<p><img decoding="async" class="size-full wp-image-1398 alignleft" src="http://premiolocalbest.com.br/wp-content/uploads/2019/07/rio_claro_selo_pequeno_ouro.png" alt="" width="160" height="180" /></p>
</div>
</div>
</article>
<article id="post-7365" class="post-7365 page type-page status-publish hentry">
<div class="entry">
<p><strong>Embed Code</strong> (copie e cole no seu site):<br />
<em>&lt;a href=&#8221;http://premiolocalbest.com.br/index.php/premio-o-melhor-de-rio-claro-2019-empresas-vencedoras/&#8221;&gt;&lt;img class=”alignnone wp-image-4381 size-full” title=&#8221;Esta empresa foi eleita a Melhor de Rio Claro em seu segmento, através de votação direta e transparente pelo público no Prêmio O Melhor Daqui Rio Claro 2019.&#8221; src=&#8221;http://premiolocalbest.com.br/wp-content/uploads/2019/07/rio_claro_selo_pequeno_ouro.png&#8221; alt=”Esta empresa foi eleita a Melhor de Rio Claro em seu segmento, através de votação direta e transparente pelo público no Prêmio O Melhor Daqui Rio Claro 2019.” width=”160″ height=”180″ /&gt;&lt;/a&gt;</em></p>
<p>&nbsp;</p>
<p>&nbsp;</p>
<p>&nbsp;</p>
<p>Selo grande: <strong>177 x 272 pixels</strong></p>
</div>
</article>
</div>
<div id="content" class="sidebar-right twelve columns">
<article id="post-7365" class="post-7365 page type-page status-publish hentry">
<div class="entry">
<div class="one_third"><img decoding="async" class="size-full wp-image-1399 alignleft" src="http://premiolocalbest.com.br/wp-content/uploads/2019/07/rio_claro_selo_grande_ouro.png" alt="" width="177" height="272" /></div>
<div class="two_third last">
<p>&nbsp;</p>
<p><strong>Embed Code</strong> (copie e cole no seu site):</p>
</div>
</div>
</article>
</div>
<div id="content" class="sidebar-right twelve columns">
<article id="post-7365" class="post-7365 page type-page status-publish hentry">
<div class="entry">
<div class="two_third last">
<p class="txt12"><em>&lt;a href=&#8221;http://premiolocalbest.com.br/index.php/premio-o-melhor-de-rio-claro-2019-empresas-vencedoras/&#8221;&gt;&lt;img class=”alignnone wp-image-4389 size-full” title=&#8221;Esta empresa foi eleita a Melhor de Rio Claro em seu segmento, através de votação direta e transparente pelo público no Prêmio &#8220;O Melhor Daqui&#8221; Rio Claro 2019.&#8221; src=&#8221;http://premiolocalbest.com.br/wp-content/uploads/2019/07/rio_claro_selo_grande_ouro.png&#8221; alt=”Esta empresa foi eleita a Melhor de Rio Claro em seu segmento, através de votação direta e transparente pelo público no Prêmio O Melhor Daqui Rio Claro 2019.” width=”177″ height=”272″ /&gt;&lt;/a&gt;</em></p>
</div>
<div class="clear"></div>
<div class="hr hr1"></div>
<p>Obrigado pela participação, parabéns pela vitória e até o Prêmio &#8220;O Melhor Daqui&#8221; Rio Claro 2020!</p>
<p><strong>Equipe OMelhorDaqui.Net<br />
Celular/Whatsapp: (14) 99742-8267 (Angela)<br />
contato@premiolocalbest.com.br</strong></p>
</div>
</article>
</div>
