{"id":1450,"date":"2019-08-16T16:13:27","date_gmt":"2019-08-16T19:13:27","guid":{"rendered":"http:\/\/premiolocalbest.com.br\/?page_id=1450"},"modified":"2019-08-16T16:15:26","modified_gmt":"2019-08-16T19:15:26","slug":"comercial-buffet-cabelo-de-anjo-rio-claro-2019","status":"publish","type":"page","link":"https:\/\/premiolocalbest.com.br\/index.php\/comercial-buffet-cabelo-de-anjo-rio-claro-2019\/","title":{"rendered":"PR\u00caMIO &#8220;O MELHOR DAQUI&#8221; RIO CLARO 2019  &#8211; COMERCIAL BUFFET CABELO DE ANJO"},"content":{"rendered":"<div id=\"content\" class=\"sidebar-right twelve columns\">\n<article id=\"post-7365\" class=\"post-7365 page type-page status-publish hentry\">\n<div class=\"entry\">\n<h4><span class=\"style1\">Spot comercial BUFFET CABELO DE ANJO, o melhor BUFFET INFANTIL de Rio Claro!<\/span><\/h4>\n<\/div>\n<\/article>\n<\/div>\n<div id=\"content\" class=\"sidebar-right twelve columns\">\n<article id=\"post-7365\" class=\"post-7365 page type-page status-publish hentry\">\n<div class=\"entry\">\n<div class=\"hr hr1\">\n<audio class=\"wp-audio-shortcode\" id=\"audio-1450-1\" preload=\"none\" style=\"width: 100%;\" controls=\"controls\"><source type=\"audio\/mpeg\" src=\"http:\/\/premiolocalbest.com.br\/wp-content\/uploads\/2019\/08\/BUFFET_CABELO_DE_ANJO_Rio_Claro.mp3?_=1\" \/><a href=\"http:\/\/premiolocalbest.com.br\/wp-content\/uploads\/2019\/08\/BUFFET_CABELO_DE_ANJO_Rio_Claro.mp3\">http:\/\/premiolocalbest.com.br\/wp-content\/uploads\/2019\/08\/BUFFET_CABELO_DE_ANJO_Rio_Claro.mp3<\/a><\/audio>\n<\/div>\n<p>Este tipo de spot comercial, \u00e9 um dos itens que entregamos \u00e0s empresas que decidem participar do Jantar de Entrega dos Diplomas do Pr\u00eamio &#8220;O Melhor Daqui&#8221; Rio Claro 2019!<\/p>\n<p>Al\u00e9m do <strong>spot comercial,<\/strong> as empresas participantes recebem tamb\u00e9m <strong>divulga\u00e7\u00e3o semanal<\/strong> de suas novidades e promo\u00e7\u00f5es at\u00e9 junho de 2020 para as <strong>mais de 10.000 pessoas<\/strong> que fazem parte do grupo \u201cO Melhor de Rio Claro\u201d no Facebook. \ud83d\ude42<\/p>\n<p>Fale conosco e <strong>fa\u00e7a sua reserva at\u00e9 23\/08\/2019<\/strong>!<\/p>\n<p><strong>Equipe OMelhorDaqui.Net<br \/>\nCelular\/Whatsapp: (14) 99742-8267 (Angela)<br \/>\ncontato@premiolocalbest.com.br<\/strong><\/p>\n<\/div>\n<\/article>\n<\/div>\n","protected":false},"excerpt":{"rendered":"","protected":false},"author":1,"featured_media":0,"parent":0,"menu_order":0,"comment_status":"closed","ping_status":"closed","template":"","meta":{"footnotes":""},"class_list":["post-1450","page","type-page","status-publish","hentry"],"_links":{"self":[{"href":"https:\/\/premiolocalbest.com.br\/index.php\/wp-json\/wp\/v2\/pages\/1450","targetHints":{"allow":["GET"]}}],"collection":[{"href":"https:\/\/premiolocalbest.com.br\/index.php\/wp-json\/wp\/v2\/pages"}],"about":[{"href":"https:\/\/premiolocalbest.com.br\/index.php\/wp-json\/wp\/v2\/types\/page"}],"author":[{"embeddable":true,"href":"https:\/\/premiolocalbest.com.br\/index.php\/wp-json\/wp\/v2\/users\/1"}],"replies":[{"embeddable":true,"href":"https:\/\/premiolocalbest.com.br\/index.php\/wp-json\/wp\/v2\/comments?post=1450"}],"version-history":[{"count":2,"href":"https:\/\/premiolocalbest.com.br\/index.php\/wp-json\/wp\/v2\/pages\/1450\/revisions"}],"predecessor-version":[{"id":1453,"href":"https:\/\/premiolocalbest.com.br\/index.php\/wp-json\/wp\/v2\/pages\/1450\/revisions\/1453"}],"wp:attachment":[{"href":"https:\/\/premiolocalbest.com.br\/index.php\/wp-json\/wp\/v2\/media?parent=1450"}],"curies":[{"name":"wp","href":"https:\/\/api.w.org\/{rel}","templated":true}]}}

PRÊMIO &#8220;O MELHOR DAQUI&#8221; RIO CLARO 2019  &#8211; COMERCIAL BUFFET CABELO DE ANJO

<div id="content" class="sidebar-right twelve columns">
<article id="post-7365" class="post-7365 page type-page status-publish hentry">
<div class="entry">
<h4><span class="style1">Spot comercial BUFFET CABELO DE ANJO, o melhor BUFFET INFANTIL de Rio Claro!</span></h4>
</div>
</article>
</div>
<div id="content" class="sidebar-right twelve columns">
<article id="post-7365" class="post-7365 page type-page status-publish hentry">
<div class="entry">
<div class="hr hr1">
<audio class="wp-audio-shortcode" id="audio-1450-1" preload="none" style="width: 100%;" controls="controls"><source type="audio/mpeg" src="http://premiolocalbest.com.br/wp-content/uploads/2019/08/BUFFET_CABELO_DE_ANJO_Rio_Claro.mp3?_=1" /><a href="http://premiolocalbest.com.br/wp-content/uploads/2019/08/BUFFET_CABELO_DE_ANJO_Rio_Claro.mp3">http://premiolocalbest.com.br/wp-content/uploads/2019/08/BUFFET_CABELO_DE_ANJO_Rio_Claro.mp3</a></audio>
</div>
<p>Este tipo de spot comercial, é um dos itens que entregamos às empresas que decidem participar do Jantar de Entrega dos Diplomas do Prêmio &#8220;O Melhor Daqui&#8221; Rio Claro 2019!</p>
<p>Além do <strong>spot comercial,</strong> as empresas participantes recebem também <strong>divulgação semanal</strong> de suas novidades e promoções até junho de 2020 para as <strong>mais de 10.000 pessoas</strong> que fazem parte do grupo “O Melhor de Rio Claro” no Facebook. 🙂</p>
<p>Fale conosco e <strong>faça sua reserva até 23/08/2019</strong>!</p>
<p><strong>Equipe OMelhorDaqui.Net<br />
Celular/Whatsapp: (14) 99742-8267 (Angela)<br />
contato@premiolocalbest.com.br</strong></p>
</div>
</article>
</div>
