{"id":2421,"date":"2021-09-16T09:52:31","date_gmt":"2021-09-16T12:52:31","guid":{"rendered":"https:\/\/premiolocalbest.com.br\/?page_id=2421"},"modified":"2021-09-16T09:58:44","modified_gmt":"2021-09-16T12:58:44","slug":"premio-o-melhor-daqui-jau-sp-2021","status":"publish","type":"page","link":"https:\/\/premiolocalbest.com.br\/index.php\/premio-o-melhor-daqui-jau-sp-2021\/","title":{"rendered":"Pr\u00eamio &#8220;O Melhor Daqui&#8221; Ja\u00fa-SP 2021"},"content":{"rendered":"\n<h3 class=\"wp-block-heading\"><img fetchpriority=\"high\" decoding=\"async\" width=\"5841\" height=\"942\" class=\"alignnone size-full wp-image-1984\" src=\"http:\/\/premiolocalbest.com.br\/wp-content\/uploads\/2020\/06\/arte-Encomende-seu-diploma.png\" alt=\"\" srcset=\"https:\/\/premiolocalbest.com.br\/wp-content\/uploads\/2020\/06\/arte-Encomende-seu-diploma.png 5841w, https:\/\/premiolocalbest.com.br\/wp-content\/uploads\/2020\/06\/arte-Encomende-seu-diploma-300x48.png 300w, https:\/\/premiolocalbest.com.br\/wp-content\/uploads\/2020\/06\/arte-Encomende-seu-diploma-768x124.png 768w, https:\/\/premiolocalbest.com.br\/wp-content\/uploads\/2020\/06\/arte-Encomende-seu-diploma-1024x165.png 1024w\" sizes=\"(max-width: 5841px) 100vw, 5841px\" \/>Adquira a placa com o diploma de sua empresa at\u00e9 29\/09\/2021 e ganhe vantagens imperd\u00edveis!<\/h3>\n\n\n\n<ol class=\"wp-block-list\"><li><strong>DIPLOMA PERSONALIZADO<\/strong>: nosso novo diploma (20x30cm) fabricado em placa de acr\u00edlico com impress\u00e3o HD da imagem de nossa <strong>exclusiva medalha Ouro, Prata ou Bronze<\/strong>, <strong>personalizado com o nome e o segmento comercial<\/strong> da sua empresa, para ser usado de p\u00e9, como trof\u00e9u, ou fixado na parede.<img decoding=\"async\" width=\"500\" height=\"132\" class=\"alignright wp-image-2021\" src=\"http:\/\/premiolocalbest.com.br\/wp-content\/uploads\/2020\/07\/duas_medidas-Daqui.png\" alt=\"\" srcset=\"https:\/\/premiolocalbest.com.br\/wp-content\/uploads\/2020\/07\/duas_medidas-Daqui.png 3150w, https:\/\/premiolocalbest.com.br\/wp-content\/uploads\/2020\/07\/duas_medidas-Daqui-300x79.png 300w, https:\/\/premiolocalbest.com.br\/wp-content\/uploads\/2020\/07\/duas_medidas-Daqui-768x202.png 768w, https:\/\/premiolocalbest.com.br\/wp-content\/uploads\/2020\/07\/duas_medidas-Daqui-1024x270.png 1024w\" sizes=\"(max-width: 500px) 100vw, 500px\" \/><\/li><li><strong>QUATRO SELOS ADESIVOS:<\/strong> <strong>quatro selos adesivos<\/strong>&nbsp;com a imagem de nossa <strong>exclusiva medalha Ouro, Prata ou Bronze <\/strong>para colocar na vitrine, na porta e em outros locais de destaque de sua empresa.<\/li><li><strong>POSTAGEM COMEMORATIVA NO GRUPO DE VOTA\u00c7\u00c3O NO FACEBOOK:<\/strong>&nbsp;fa\u00e7a uma postagem na p\u00e1gina de sua empresa no Facebook com uma <strong>foto ou v\u00eddeo exibindo o diploma de sua empresa<\/strong> e comemorando sua conquista, nos mande o link e n\u00f3s compartilharemos no grupo &#8220;O Melhor de Ja\u00fa&#8221; no Facebook.<\/li><li><strong>ENTREVISTA &#8220;CASE DE SUCESSO&#8221; EXCLUSIVA NO GRUPO DE VOTA\u00c7\u00c3O NO FACEBOOK:<\/strong> grave um v\u00eddeo respondendo \u00e0s perguntas de nossa entrevista exclusiva sobre a hist\u00f3ria de sucesso de sua empresa, nos mande o link e n\u00f3s compartilharemos no grupo &#8220;O Melhor de Ja\u00fa&#8221; no Facebook.<\/li><li><strong>PUBLICIDADE SEMANAL NO GRUPO DO FACEBOOK:&nbsp;divulga\u00e7\u00e3o semanal<\/strong> das novidades de sua empresa&nbsp;no grupo &#8220;O Melhor de Ja\u00fa&#8221; no Facebook at\u00e9 o in\u00edcio das vota\u00e7\u00f5es da premia\u00e7\u00e3o de 2022. S\u00e3o <strong>dezenas de oportunidades<\/strong> para <strong>divulgar gratuitamente as novidades de sua empresa<\/strong> para o p\u00fablico da cidade. A divulga\u00e7\u00e3o semanal gratuita funciona de maneira simples e \u00e1gil: voc\u00ea faz a postagem com os textos e imagem que desejar na p\u00e1gina da sua empresa no Facebook e nos envia o link da postagem para compartilharmos no grupo.<\/li><\/ol>\n\n\n\n<h4 class=\"wp-block-heading\"><strong>Encomende o diploma de sua empresa AGORA!<\/strong><\/h4>\n\n\n\n<p>1- <strong>Fa\u00e7a o pagamento de R$197,00 via PIX at\u00e9 29\/09\/2021<\/strong>.<br>2- <strong>Envie uma imagem do comprovante<\/strong> junto com o nome e CNPJ da sua empresa (ou seu CPF se preferir) para o WhatsApp (14) 99845-3493 (com Hisadora).<br>3- <strong><strong>Retire a placa com o diploma de sua empresa <\/strong>e os <strong>quatro selos adesivos<\/strong>\u00a0em nosso distribuidor de sua cidade 30 dias ap\u00f3s o fechamento do lote da cidade<\/strong>.<\/p>\n\n\n\n<p>Aten\u00e7\u00e3o: Para assegurar a seguran\u00e7a da premia\u00e7\u00e3o, o nome da sua empresa no diploma ser\u00e1 impresso como consta no resultado da premia\u00e7\u00e3o, publicado no grupo de vota\u00e7\u00e3o de sua cidade no Facebook.<\/p>\n\n\n\n<p><strong>PAGAMENTO VIA PIX<\/strong><br>Use a chave PIX CNPJ: <strong>18.073.675\/0001-26<\/strong><\/p>\n\n\n\n<p><span class=\"has-inline-color has-black-color\">(Importante: Ap\u00f3s 29\/09\/2021, n\u00e3o ser\u00e1 mais poss\u00edvel adquirir a placa com o diploma de sua empresa pois o lote da cidade estar\u00e1 fechado)<\/span><\/p>\n\n\n\n<p><span class=\"has-inline-color has-vivid-red-color\"><strong>>> ATEN\u00c7\u00c3O: FA\u00c7A O PAGAMENTO APENAS PELA OP\u00c7\u00c3O INDICADA ACIMA. NINGU\u00c9M EST\u00c1 AUTORIZADO A RECEBER O PAGAMENTO DE SUA EMPRESA PESSOALMENTE OU ATRAV\u00c9S DE OUTRAS CONTAS BANC\u00c1RIAS OU PIX &lt;&lt;<\/strong><\/span><\/p>\n\n\n\n<p><strong>ENCOMENDE SEU DIPLOMA AGORA E J\u00c1 COMECE A DIVULGAR AS NOVIDADES DE SUA EMPRESA NO GRUPO DO FACEBOOK!<\/strong><\/p>\n\n\n\n<p>O Pr\u00eamio &#8220;O Melhor Daqui&#8221; nasceu no bairro do Morumbi em S\u00e3o Paulo em 2004 e hoje \u00e9 realizado em mais de 80 cidades do interior paulista. <strong>A premia\u00e7\u00e3o e sua medalha exclusiva est\u00e3o protegidas pelo INPI e apenas esta premia\u00e7\u00e3o tem autoriza\u00e7\u00e3o para utiliz\u00e1-las e para oferecer a medalha \u00e0s empresas vencedoras.<\/strong> Confira em nosso site: <strong><a href=\"http:\/\/premiolocalbest.com.br\/\">www.premiolocalbest.com.br<\/a><\/strong><\/p>\n\n\n\n<p><strong>Equipe OMelhorDaqui.Net<\/strong><\/p>\n\n\n\n<p><strong>Celular\/Whatsapp: (14) 99845-3493 (com Hisadora).<br>contato@premiolocalbest.com.br<\/strong><\/p>\n","protected":false},"excerpt":{"rendered":"","protected":false},"author":1,"featured_media":0,"parent":0,"menu_order":0,"comment_status":"closed","ping_status":"closed","template":"","meta":{"footnotes":""},"class_list":["post-2421","page","type-page","status-publish","hentry"],"_links":{"self":[{"href":"https:\/\/premiolocalbest.com.br\/index.php\/wp-json\/wp\/v2\/pages\/2421","targetHints":{"allow":["GET"]}}],"collection":[{"href":"https:\/\/premiolocalbest.com.br\/index.php\/wp-json\/wp\/v2\/pages"}],"about":[{"href":"https:\/\/premiolocalbest.com.br\/index.php\/wp-json\/wp\/v2\/types\/page"}],"author":[{"embeddable":true,"href":"https:\/\/premiolocalbest.com.br\/index.php\/wp-json\/wp\/v2\/users\/1"}],"replies":[{"embeddable":true,"href":"https:\/\/premiolocalbest.com.br\/index.php\/wp-json\/wp\/v2\/comments?post=2421"}],"version-history":[{"count":3,"href":"https:\/\/premiolocalbest.com.br\/index.php\/wp-json\/wp\/v2\/pages\/2421\/revisions"}],"predecessor-version":[{"id":2424,"href":"https:\/\/premiolocalbest.com.br\/index.php\/wp-json\/wp\/v2\/pages\/2421\/revisions\/2424"}],"wp:attachment":[{"href":"https:\/\/premiolocalbest.com.br\/index.php\/wp-json\/wp\/v2\/media?parent=2421"}],"curies":[{"name":"wp","href":"https:\/\/api.w.org\/{rel}","templated":true}]}}