{"id":5735,"date":"2024-02-08T14:38:04","date_gmt":"2024-02-08T17:38:04","guid":{"rendered":"https:\/\/premiolocalbest.com.br\/?page_id=5735"},"modified":"2026-03-02T16:27:56","modified_gmt":"2026-03-02T19:27:56","slug":"28-672-192-0001-00","status":"publish","type":"page","link":"https:\/\/premiolocalbest.com.br\/index.php\/28-672-192-0001-00\/","title":{"rendered":"Empresa: MARCELO SALGADOS"},"content":{"rendered":"\n<h2 class=\"wp-block-heading\"><strong>Premia\u00e7\u00f5es<\/strong>:<\/h2>\n\n\n\n<p>Ano: 2026<br>Cidade: BRAGAN\u00c7A PAULISTA &#8211; SP<br>Segmento: SALGADERIA<br>Medalha: OURO<\/p>\n\n\n\n<p>Ano: 2025<br>Cidade: BRAGAN\u00c7A PAULISTA &#8211; SP<br>Segmento: SALGADERIA<br>Medalha: OURO<\/p>\n\n\n\n<p>Ano: 2024<br>Cidade: BRAGAN\u00c7A PAULISTA &#8211; SP<br>Segmento: SALGADERIA<br>Medalha: OURO<\/p>\n\n\n\n<p>Se voc\u00ea \u00e9 propriet\u00e1rio dessa empresa, saiba como usar esta p\u00e1gina para divulgar as promo\u00e7\u00f5es e outras novidades da sua empresa. Para isso, entre em contato conosco pelo email contato@premiolocalbest.com.br.<\/p>\n","protected":false},"excerpt":{"rendered":"","protected":false},"author":1,"featured_media":0,"parent":0,"menu_order":0,"comment_status":"closed","ping_status":"closed","template":"","meta":{"footnotes":""},"class_list":["post-5735","page","type-page","status-publish","hentry"],"_links":{"self":[{"href":"https:\/\/premiolocalbest.com.br\/index.php\/wp-json\/wp\/v2\/pages\/5735","targetHints":{"allow":["GET"]}}],"collection":[{"href":"https:\/\/premiolocalbest.com.br\/index.php\/wp-json\/wp\/v2\/pages"}],"about":[{"href":"https:\/\/premiolocalbest.com.br\/index.php\/wp-json\/wp\/v2\/types\/page"}],"author":[{"embeddable":true,"href":"https:\/\/premiolocalbest.com.br\/index.php\/wp-json\/wp\/v2\/users\/1"}],"replies":[{"embeddable":true,"href":"https:\/\/premiolocalbest.com.br\/index.php\/wp-json\/wp\/v2\/comments?post=5735"}],"version-history":[{"count":3,"href":"https:\/\/premiolocalbest.com.br\/index.php\/wp-json\/wp\/v2\/pages\/5735\/revisions"}],"predecessor-version":[{"id":12924,"href":"https:\/\/premiolocalbest.com.br\/index.php\/wp-json\/wp\/v2\/pages\/5735\/revisions\/12924"}],"wp:attachment":[{"href":"https:\/\/premiolocalbest.com.br\/index.php\/wp-json\/wp\/v2\/media?parent=5735"}],"curies":[{"name":"wp","href":"https:\/\/api.w.org\/{rel}","templated":true}]}}